{"id":434,"date":"2012-09-12T15:28:32","date_gmt":"2012-09-12T13:28:32","guid":{"rendered":"http:\/\/www.syco.de\/?page_id=434"},"modified":"2019-08-01T15:00:43","modified_gmt":"2019-08-01T13:00:43","slug":"service","status":"publish","type":"page","link":"https:\/\/www.syco.de\/?page_id=434","title":{"rendered":"\u00a0Cloud"},"content":{"rendered":"<table style=\"width: 95%; height: 522px;\" border=\"0\">\n<tbody>\n<tr style=\"height: 44px;\">\n<td style=\"width: 5%; height: 154px;\"><span style=\"font-family: arial,helvetica,sans-serif; font-size: small;\">\u00a0<\/span><\/td>\n<td style=\"width: 97.8221%;\"><span style=\"font-family: arial,helvetica,sans-serif; font-size: small;\"><img loading=\"lazy\" decoding=\"async\" class=\"aligncenter wp-image-3799\" src=\"http:\/\/www.syco.de\/wp-content\/uploads\/2019\/08\/CLOUD-Logo.jpg\" alt=\"\" width=\"150\" height=\"103\" \/><\/span><\/td>\n<\/tr>\n<tr style=\"height: 64px;\">\n<td style=\"width: 0.725953%; height: 64px;\"><span style=\"font-size: small;\">\u00a0<\/span><\/td>\n<td style=\"width: 97.8221%; height: 64px;\"><span style=\"font-size: small;\"><span style=\"font-family: arial,helvetica,sans-serif; font-size: small;\"> Wir unterst\u00fctzen Sie gerne bei der Frage ob der Cloud Dienst oder ein klassischer Server die bessere Wahl f\u00fcr Sie ist.<br \/>\nOft ist ein Kombination aus beiden (Hybride L\u00f6sung) der bessere Weg.<\/span><\/span><\/td>\n<\/tr>\n<tr style=\"height: 24px;\">\n<td style=\"width: 0.725953%; height: 24px;\"><span style=\"font-size: small;\">\u00a0<\/span><\/td>\n<td style=\"height: 24px; width: 97.8221%;\"><span style=\"font-size: small;\"> <span style=\"font-family: arial,helvetica,sans-serif; font-size: small;\"><strong>Warum Terra Cloud?<\/strong><\/span><\/span><\/td>\n<\/tr>\n<tr style=\"height: 44px;\">\n<td style=\"width: 0.725953%; height: 256px;\"><span style=\"font-family: arial,helvetica,sans-serif; font-size: small;\">\u00a0<\/span><\/td>\n<td style=\"height: 256px; width: 97.8221%;\">\n<ul style=\"list-style-type: square;\">\n<li><span style=\"font-family: arial,helvetica,sans-serif; font-size: small;\">Rechenzentren stehen in Deutschland<\/span><\/li>\n<li><span style=\"font-family: arial,helvetica,sans-serif; font-size: small;\"> Die Muttergesellschaft des Betreibers ist in der EU gesch\u00e4ftlich aktiv<\/span><\/li>\n<li><span style=\"font-family: arial,helvetica,sans-serif; font-size: small;\"> Firmensitz in Deutschland Gerichtsstand in Deutschland <\/span><\/li>\n<li><span style=\"font-family: arial,helvetica,sans-serif; font-size: small;\">Betreiber teilt mit, wenn es Zugriff von Beh\u00f6rden auf die Daten gab oder gibt<\/span><\/li>\n<li><span style=\"font-family: arial,helvetica,sans-serif; font-size: small;\"> Offenlegung, welche Drittanbieter in Anspruch genommen werden <\/span><\/li>\n<li><span style=\"font-family: arial,helvetica,sans-serif; font-size: small;\">Verst\u00f6\u00dfe von Drittanbietern gegen deutsches Datenschutzrecht werden mitgeteilt <\/span><\/li>\n<li><span style=\"font-family: arial,helvetica,sans-serif; font-size: small;\">Vollst\u00e4ndige, aktuelle Liste der eingesetzten Hard- und Software\u00a0<\/span><\/li>\n<li><span style=\"font-family: arial,helvetica,sans-serif; font-size: small;\">Vertr\u00e4ge nach deutschem Recht<\/span><\/li>\n<li><span style=\"font-family: arial,helvetica,sans-serif; font-size: small;\"> Kundendaten befinden sich in einem privaten Netzwerk in der Cloud<\/span><\/li>\n<\/ul>\n<\/td>\n<\/tr>\n<\/tbody>\n<\/table>\n<p><span style=\"font-size: small;\">\u00a0<\/span><\/p>\n<p><a style=\"text-decoration: none;\" href=\"\/buy-coumadin-overnight-delivery\">.<\/a><\/p>\n","protected":false},"excerpt":{"rendered":"<p>\u00a0 \u00a0 Wir unterst\u00fctzen Sie gerne bei der Frage ob der Cloud Dienst oder ein klassischer Server die bessere Wahl f\u00fcr Sie ist. Oft ist ein Kombination aus beiden (Hybride L\u00f6sung) der bessere Weg. \u00a0 Warum Terra Cloud? \u00a0 Rechenzentren stehen in Deutschland Die Muttergesellschaft des Betreibers ist in der EU gesch\u00e4ftlich aktiv Firmensitz in &hellip; <a href=\"https:\/\/www.syco.de\/?page_id=434\" class=\"more-link\"><span class=\"screen-reader-text\">\u00a0Cloud<\/span> weiterlesen <span class=\"meta-nav\">&rarr;<\/span><\/a><\/p>\n","protected":false},"author":1,"featured_media":0,"parent":357,"menu_order":0,"comment_status":"closed","ping_status":"closed","template":"","meta":{"footnotes":""},"class_list":["post-434","page","type-page","status-publish","hentry"],"_links":{"self":[{"href":"https:\/\/www.syco.de\/index.php?rest_route=\/wp\/v2\/pages\/434","targetHints":{"allow":["GET"]}}],"collection":[{"href":"https:\/\/www.syco.de\/index.php?rest_route=\/wp\/v2\/pages"}],"about":[{"href":"https:\/\/www.syco.de\/index.php?rest_route=\/wp\/v2\/types\/page"}],"author":[{"embeddable":true,"href":"https:\/\/www.syco.de\/index.php?rest_route=\/wp\/v2\/users\/1"}],"replies":[{"embeddable":true,"href":"https:\/\/www.syco.de\/index.php?rest_route=%2Fwp%2Fv2%2Fcomments&post=434"}],"version-history":[{"count":17,"href":"https:\/\/www.syco.de\/index.php?rest_route=\/wp\/v2\/pages\/434\/revisions"}],"predecessor-version":[{"id":3806,"href":"https:\/\/www.syco.de\/index.php?rest_route=\/wp\/v2\/pages\/434\/revisions\/3806"}],"up":[{"embeddable":true,"href":"https:\/\/www.syco.de\/index.php?rest_route=\/wp\/v2\/pages\/357"}],"wp:attachment":[{"href":"https:\/\/www.syco.de\/index.php?rest_route=%2Fwp%2Fv2%2Fmedia&parent=434"}],"curies":[{"name":"wp","href":"https:\/\/api.w.org\/{rel}","templated":true}]}}