{"id":2359,"date":"2014-05-22T13:26:03","date_gmt":"2014-05-22T11:26:03","guid":{"rendered":"http:\/\/www.syco.de\/?page_id=2359"},"modified":"2019-07-31T14:31:05","modified_gmt":"2019-07-31T12:31:05","slug":"%c2%b7microsoft-aer","status":"publish","type":"page","link":"https:\/\/www.syco.de\/?page_id=2359","title":{"rendered":"\u00b7\u00a0Microsoft AEP"},"content":{"rendered":"<table style=\"border-collapse: collapse; width: 100%;\">\n<tbody>\n<tr>\n<td style=\"width: 5%;\">\n<h5><span style=\"font-family: Arial;\">\u00a0<\/span><\/h5>\n<\/td>\n<td style=\"vertical-align: middle;\" colspan=\"2\">\n<p>Als &#8222;<strong>Microsoft Authorised Education Partner<\/strong>&#8220; k\u00f6nnen wir Universit\u00e4ten, Schulen, Bildungseinrichtungen und gemeinn\u00fctzige Vereine mit besonders g\u00fcnstigen Versionen und Lizenzen von Microsoft beliefern.<\/p>\n<p>So k\u00f6nnen auch diese Einrichtungen auf unsere Erfahrungen in der PC-, Servertechnik und Netzwerkinfrastruktur zur\u00fcckgreifen.<\/p>\n<\/td>\n<td style=\"width: 33.3333%;\"><img loading=\"lazy\" decoding=\"async\" class=\"alignnone size-full wp-image-3554\" src=\"http:\/\/www.syco.de\/wp-content\/uploads\/2018\/06\/aep.png\" alt=\"\" width=\"282\" height=\"179\" \/><\/td>\n<\/tr>\n<\/tbody>\n<\/table>\n<p>\u00a0<\/p>\n<p><\/p>\n","protected":false},"excerpt":{"rendered":"<p>\u00a0 Als &#8222;Microsoft Authorised Education Partner&#8220; k\u00f6nnen wir Universit\u00e4ten, Schulen, Bildungseinrichtungen und gemeinn\u00fctzige Vereine mit besonders g\u00fcnstigen Versionen und Lizenzen von Microsoft beliefern. So k\u00f6nnen auch diese Einrichtungen auf unsere Erfahrungen in der PC-, Servertechnik und Netzwerkinfrastruktur zur\u00fcckgreifen. \u00a0<\/p>\n","protected":false},"author":1,"featured_media":0,"parent":357,"menu_order":0,"comment_status":"closed","ping_status":"open","template":"","meta":{"footnotes":""},"class_list":["post-2359","page","type-page","status-publish","hentry"],"_links":{"self":[{"href":"https:\/\/www.syco.de\/index.php?rest_route=\/wp\/v2\/pages\/2359","targetHints":{"allow":["GET"]}}],"collection":[{"href":"https:\/\/www.syco.de\/index.php?rest_route=\/wp\/v2\/pages"}],"about":[{"href":"https:\/\/www.syco.de\/index.php?rest_route=\/wp\/v2\/types\/page"}],"author":[{"embeddable":true,"href":"https:\/\/www.syco.de\/index.php?rest_route=\/wp\/v2\/users\/1"}],"replies":[{"embeddable":true,"href":"https:\/\/www.syco.de\/index.php?rest_route=%2Fwp%2Fv2%2Fcomments&post=2359"}],"version-history":[{"count":15,"href":"https:\/\/www.syco.de\/index.php?rest_route=\/wp\/v2\/pages\/2359\/revisions"}],"predecessor-version":[{"id":3722,"href":"https:\/\/www.syco.de\/index.php?rest_route=\/wp\/v2\/pages\/2359\/revisions\/3722"}],"up":[{"embeddable":true,"href":"https:\/\/www.syco.de\/index.php?rest_route=\/wp\/v2\/pages\/357"}],"wp:attachment":[{"href":"https:\/\/www.syco.de\/index.php?rest_route=%2Fwp%2Fv2%2Fmedia&parent=2359"}],"curies":[{"name":"wp","href":"https:\/\/api.w.org\/{rel}","templated":true}]}}